e v(-2). Suppose 0 = -5*f - 4 + h. Calculate the highest common factor of f and x.
4
Suppose -u - 5*f + 42 = 0, 0 = 4*u - 3*f - 0*f - 99. What is the highest common divisor of u and 135?
27
Suppose -3*i = -2*i - 12. Let v = 159 - 99. What is the highest common divisor of v and i?
12
Let l(q) = q**2 + 24*q + 4. Let u be l(-24). Suppose -4*n = -11 - 69. Calculate the greatest common factor of n and u.
4
Let p(c) = 73*c - 1. Let h be p(1). What is the highest common factor of 18 and h?
18
Let z(g) = -10*g. Let b be z(-2). Let q be (-4 + 4)/((-4)/2). Let n be 11 - (-1 + (2 - q)). Calculate the highest common divisor of n and b.
10
Suppose 0 = -3*v - x + 117, v - 4*x - 7 = 45. Let u be 1 + 1/(1 - 0). Let w(c) = 4*c + 2. Let a be w(u). What is the greatest common divisor of a and v?
10
Suppose 3*f = j + 7, -2*f - f + 39 = 3*j. Let w be j*(1 + -3 + 10). Suppose 74 = 3*p + 26. Calculate the highest common divisor of p and w.
16
Suppose 0 = 2*c - 8 - 0. Suppose 2*q + 2 - c = 0. Let o be q + (3 - 6) + 8. What is the highest common divisor of o and 6?
6
Suppose -b + 17 = 5. Calculate the highest common factor of b and 12.
12
Let b = -35 + 143. Let q = -32 + 19. Let d = q + 25. Calculate the greatest common divisor of d and b.
12
Let u = 7 - -6. Suppose 3*q + 4*x + 35 = 2*q, -q + x - 10 = 0. Let j = q + 132. What is the greatest common factor of j and u?
13
Suppose 0 = 5*s - 31 - 29. Let h be s - (2 - 0/2). Calculate the highest common factor of h and 30.
10
Let p(b) = -b**3 + 40. Let s be p(0). Calculate the greatest common factor of 60 and s.
20
Let p be 12 - (-3 + 0 + 3). Let o be (-716)/(-6) + (-2)/(-3). What is the highest common divisor of p and o?
12
Let u be (-33)/(-12)*-6*(-16)/3. Calculate the highest common factor of u and 8.
8
Let b be (-3 + 0)/(-1 - 0). Suppose 5*v = -3*u + 6 + 3, -5*v = 5*u - 5. Calculate the highest common factor of b and v.
3
Suppose -3*s - 6 = 0, 4*a + 0*s - 176 = -2*s. Calculate the highest common divisor of a and 9.
9
Suppose -41 = -5*d - 4*o, 2*o + 14 = 4*d - 24. Let q be (53 - -1) + 4 + -4. What is the highest common factor of d and q?
9
Let c = 61 - 43. What is the highest common factor of 12 and c?
6
Let h be 326/14 - (-22)/(-77). Calculate the greatest common factor of 46 and h.
23
Suppose -p = 2*w - 2 - 0, -2*p - 5*w + 5 = 0. Let b be (-1 - p)*1 - -45. Calculate the greatest common divisor of b and 11.
11
Let f(p) = -p**3 - 6*p**2 - p + 7. Let r be ((-15)/(-12))/((-1)/4). Let q be f(r). Let v be -1 - (1*q + 2). What is the highest common factor of 110 and v?
10
Let x be (-3)/3 + 0 + 4. Let k = -2 + 3. Let g be 9/3*1/k. Calculate the greatest common factor of x and g.
3
Let z(g) = 2*g**2. Let h(o) = o**2 - 7*o - 2. Let t be h(7). Let s be z(t). What is the highest common factor of 88 and s?
8
Let n(v) = -120*v - 8. Let b be n(-2). What is the highest common divisor of b and 29?
29
Suppose 0 = 4*f - 20 + 8. Suppose -2*o - 3*o - f*t = -795, 3*o - 476 = -2*t. What is the highest common factor of 18 and o?
18
Suppose -h - 3*h = 0. Suppose h = 2*k + 5*z - 2 + 3, 4*k - 13 = 5*z. Let w be (k + (7 - 1))/1. What is the highest common divisor of 8 and w?
8
Suppose -3*u = 2*u - 20. Let c be (3/u)/(2/256). Suppose -b - 4*r = -24, 8*r - 4*r + c = 2*b. Calculate the highest common factor of 5 and b.
5
Suppose z - 2*p - 13 = 0, 2*z - 26 = -0*p - p. Calculate the greatest common factor of z and 26.
13
Let d = -14 + 20. Let o be (2 + 1*-3)*-2. Calculate the greatest common factor of o and d.
2
Let m be (3/(-9))/((-2)/168). What is the greatest common factor of m and 70?
14
Let g = -6 + 7. What is the highest common factor of g and 7?
1
Suppose 130 - 20 = 2*o. Let w = 11 + -8. Suppose -4*v = 2*b + v - o, v + 125 = w*b. What is the greatest common divisor of 16 and b?
8
Let s be (-6 + 3)*(-1 - 0). Suppose 5*y = 2*r, -r - 2*r + 21 = s*y. What is the greatest common factor of 1 and r?
1
Let b(t) = -2*t. Let g be (-2)/9 - 102/27. Let i be b(g). Calculate the greatest common divisor of i and 4.
4
Let a be (-1)/(147/(-36) - -4). Calculate the greatest common factor of a and 108.
12
Suppose 5 = 5*g, 72 = 2*s + 5*g + 25. What is the highest common divisor of s and 147?
21
Suppose -4*k = 5 - 1. Let t be k/5 - 19/5. Let o = t - -11. What is the greatest common divisor of 77 and o?
7
Suppose 2*j + 1 - 5 = 0. Suppose 2*f = 2*b - 2, -5*f - j*b = 3*b - 35. What is the highest common factor of f and 9?
3
Suppose 0 = -4*r + 9 + 71. Let u be (-10)/((-5 + 0)/80). Calculate the greatest common divisor of u and r.
20
Suppose -4*b = -7*b + 42. Suppose 0 = -6*q - 65 + 107. Calculate the highest common factor of q and b.
7
Let m(v) = v. Let n(z) = 6. Let y(x) = -5*m(x) - n(x). Let u be y(-4). Let b be 7/2*24/u. Calculate the greatest common factor of b and 48.
6
Let c be (-1 + 24)/(1/11). Let z = c + -123. Suppose -4*g + 49 = 3*j, 3*j + 22 = 5*g - 46. What is the highest common divisor of z and g?
13
Let c(o) = 2*o**3 - o**2 - 2*o - 1. Let a be c(-1). Let f be ((-9)/a)/((-3)/8). Let z be 33/f*-2*10. Calculate the greatest common factor of z and 22.
11
Let y(k) = 4*k - 12. Let r = 31 + -21. Let z be y(r). Let n be ((-84)/(-10))/((-5)/(-25)). Calculate the highest common divisor of n and z.
14
Suppose 4*t = 12, -3*o - 5 = -4*t - 206. Suppose -i = -o - 1. What is the highest common divisor of i and 8?
8
Let n = 93 + -37. Calculate the highest common divisor of n and 8.
8
Let l(x) = x**2 - 2*x + 2. Let y be l(-4). Let h = y + 10. What is the highest common divisor of h and 54?
18
Let s be 3/(-3*(-1)/5). Let i = 51 + -29. Suppose -3*k = 2*b - 85, 103 = 4*k + 5*b - i. What is the highest common divisor of k and s?
5
Suppose 5*p - 5 = 0, 42 = 2*w + p + p. What is the highest common divisor of w and 70?
10
Suppose 8*m = 125 + 11. What is the highest common divisor of m and 1?
1
Let l = 146 + -66. Let j(m) = m**3 + 6*m**2 + 3*m. Let u be 1*-4*(-1)/(-2). Let x be j(u). What is the highest common factor of x and l?
10
Suppose -2*b + 9 = 3. Suppose -f - 6 = -n, -b*n + 8*n + 3*f + 10 = 0. Let v be -11*(1 - 1 - 1). Calculate the highest common factor of v and n.
1
Suppose -29 - 3 = -4*l. Let t(a) = 4*a - 4. Let m be t(l). What is the greatest common factor of m and 4?
4
Let a be 1*9*-2*(-60)/9. What is the highest common divisor of a and 80?
40
Let q(i) = -i**3 - 11*i**2 - 15*i - 14. Let v be q(-10). Let p be -1 + 3 + 1*-29. Let g = -3 - p. Calculate the greatest common divisor of g and v.
12
Let p be (5 - -1)*(-29)/(-2). Let n = -47 + p. What is the greatest common factor of 5 and n?
5
Let a(j) = 4*j**3 + j. Let x be a(2). Let m(w) = 18*w - 3. Let o be m(2). Let g = -16 + o. Calculate the greatest common factor of x and g.
17
Suppose -3*x + 13 = 4*t, 2*t - 3*x = 3 + 8. Suppose t = -g + 60. What is the highest common divisor of g and 8?
8
Suppose 3 - 48 = -3*h. Suppose 0 = q - 3*q - 326. Let u = -28 - q. What is the greatest common factor of h and u?
15
Suppose -44 - 60 = -4*g. What is the greatest common divisor of g and 26?
26
Let y(o) = -o**3 + 26*o**2 - 46*o - 22. Let q be y(24). What is the highest common divisor of 65 and q?
13
Let h be (-8)/(-44) - 53/(-11). Let b be (1 - (1 - -1))/(-1). Suppose b = u - 1. What is the highest common divisor of h and u?
1
Let f(k) = k**3 + 5*k**2 - 12*k - 24. Let b be f(-6). Let t = 215 - 83. What is the highest common divisor of b and t?
12
Let y = -47 + 74. Calculate the greatest common divisor of 3 and y.
3
Suppose 3*w + 49 = -5*l, 5*l + 43 = -4*w - 14. Let a be w/(-36) + 338/18. What is the highest common factor of a and 57?
19
Let g(k) = -k**3 - 3*k**2 + 3*k - 2. Let v be g(-4). Calculate the greatest common factor of v and 1.
1
Suppose -4*q + 0*r - 3*r + 1272 = 0, -3*q - 5*r = -954. Suppose 40 = -l - 182. Let x = l + q. Calculate the greatest common factor of 12 and x.
12
Let s(v) = 46*v**2 - 2*v + 1. Let k be s(1). Let t(o) = -o**3 + 6*o**2 + 10*o - 6. Let m be t(7). Calculate the greatest common factor of k and m.
15
Let y = -99 + 419. Suppose h + 4*h = y. Let l be (1 - 1) + 1 - -15. What is the greatest common divisor of l and h?
16
Suppose -5*o - 76 + 226 = 0. Suppose 0 = 3*c - 102 + 12. Suppose z = -4*z + 3*y + 65, 5*z + 4*y = c. Calculate the highest common factor of o and z.
10
Suppose 5*l + 22 = 3*y, -3*y + 3*l